4
What is 5241c (base 16) in base 5?
41240144
What is 885f1 (base 16) in base 9?
1041201
What is 1010211221010 (base 3) in base 4?
2110033212
Convert 202113 (base 9) to base 6.
2321533
What is 1211131121 (base 4) in base 3?
210010001202
-111447 (base 12) to base 15
-55887
521325303 (base 6) to base 2
100010011101000000100111
-9310 (base 13) to base 16
-4f45
What is 15413151 (base 7) in base 11?
922936
What is -123030021113 (base 4) in base 12?
-247895b
Convert -1662305 (base 7) to base 11.
-14a677
-5913b (base 14) to base 12
-a5715
Convert -11001101101001110 (base 2) to base 5.
-11332134
What is -1845a2 (base 12) in base 3?
-210110112012
Convert -3206993 (base 10) to base 13.
-88393a
What is 350153 (base 8) in base 5?
12301031
What is 2454121 (base 6) in base 16?
202e1
-1111010000001101000000 (base 2) to base 7
-45662342
Convert 13b5a5 (base 12) to base 7.
2545463
Convert -44422533 (base 6) to base 10.
-1340697
432265 (base 7) to base 3
10211020111
-1211213231 (base 4) to base 13
-1175c3
Convert -35001520 (base 6) to base 8.
-4060530
c198 (base 15) to base 16
9fa4
-18083078 (base 10) to base 8
-104766406
Convert -50471 (base 12) to base 11.
-71436
What is -922a83 (base 12) in base 8?
-10560603
Convert -23de23 (base 15) to base 7.
-20412552
-101101122200 (base 3) to base 14
-547c1
-26275f (base 16) to base 13
-697171
-37a1 (base 12) to base 9
-8584
Convert 32113133 (base 4) to base 6.
1132235
What is -133636 (base 9) in base 3?
-11010201020
11130550 (base 7) to base 3
1211001101121
494bc (base 13) to base 14
37200
What is -14105224 (base 6) in base 12?
-1ab214
Convert -141244110 (base 5) to base 8.
-2615736
-71c599 (base 14) to base 7
-44421152
What is -133641 (base 9) in base 7?
-456304
What is 15ab54 (base 14) in base 3?
1102120221101
Convert -401244113 (base 5) to base 11.
-994709
1010001010110011000 (base 2) to base 10
333208
Convert 14591 (base 14) to base 15.
ee69
Convert -2b6a1 (base 15) to base 9.
-232777
What is -362605 (base 11) in base 4?
-2030032320
What is -525415 (base 6) in base 12?
-2086b
-56377304 (base 8) to base 16
-b9fec4
-101012211220 (base 3) to base 13
-706b9
What is -3203056 (base 7) in base 14?
-a139d
Convert 100001210120100 (base 3) to base 13.
cc9213
130767 (base 11) to base 2
110010010001000110
Convert -557152 (base 16) to base 12.
-1a605aa
Convert 5cb3a (base 15) to base 10.
296155
-118bb (base 14) to base 8
-123615
-26563523 (base 7) to base 4
-21112303220
What is 10102012012 (base 4) in base 12?
46185a
Convert 46848 (base 11) to base 8.
203762
What is 2210121110200 (base 3) in base 15?
1e5e56
-10000011110101111010011 (base 2) to base 8
-20365723
What is 2122100222100 (base 3) in base 12?
578b39
Convert -15254130 (base 6) to base 2.
-10000010111001100110
Convert 123313003 (base 5) to base 3.
1010200201010
41dda (base 15) to base 13
74194
What is 86734 (base 15) in base 9?
720504
Convert -117553 (base 8) to base 3.
-2001222112
What is 224313142 (base 5) in base 14?
1c4330
What is -33403242 (base 6) in base 3?
-1220101200122
Convert 1652a (base 15) to base 10.
72040
Convert 32b3b8 (base 15) to base 10.
2417348
-b0811 (base 12) to base 9
-378434
4d995 (base 14) to base 9
321278
Convert -404723 (base 10) to base 7.
-3303644
107c6 (base 13) to base 12
15382
-40307 (base 13) to base 2
-11100000001000110
-22134412 (base 5) to base 2
-101111001001010011
Convert -2416913 (base 11) to base 7.
-50536063
Convert 211230101012 (base 4) to base 6.
551435422
What is 57099 (base 13) in base 14?
4199c
What is 4212131 (base 5) in base 3?
10112120020
What is 28561 (base 13) in base 3?
10211201211
Convert -13577a2 (base 11) to base 6.
-122040551
What is -773934 (base 13) in base 3?
-12021121122220
Convert 6241 (base 16) to base 6.
312241
Convert -100000010100000 (base 2) to base 15.
-4d7e
Convert 276225 (base 13) to base 5.
221043224
What is -22002312 (base 4) in base 11?
-28a02
What is 6801 (base 14) in base 4?
10121301
Convert -12112202120 (base 3) to base 8.
-325170
What is 8a63 (base 14) in base 5?
1231444
Convert 10111000010000000 (base 2) to base 4.
113002000
-2102002100 (base 3) to base 16
-b958
What is -12233140 (base 5) in base 6?
-2305532
1861940 (base 11) to base 2
1100000001000111000111
Convert -20411104 (base 5) to base 14.
-45ad3
Convert -31302031 (base 4) to base 7.
-323416
Convert -3243441204 (base 5) to base 14.
-d087a3
33c1a1 (base 16) to base 5
1332020110
Convert 534881 (base 9) to base 4.
1031301211
-207989 (base 13) to base 3
-1102120222022
Convert -2202310020 (base 4) to base 15.
-d28e3
201535524 (base 7) to base 15
106d9cc
Convert -12042111 (base 5) to base 7.
-644662
Convert e2ae9 (base 15) to base 4.
2233102101
What is -5ec65 (base 15) in base 11?
-19785a
Convert -33ba3 (base 16) to base 5.
-23240000
What is -1162a5a (base 11) in base 4?
-13232033023
Convert 220410 (base 5) to base 11.
5794
What is 135061500 (base 7) in base 10?
8838669
9aa511 (base 13) to base 6
210122300
Convert -2051228 (base 9) to base 13.
-2c51a2
11000312320 (base 4) to base 8
5006670
What is -11c75 (base 16) in base 4?
-101301311
What is -315324425 (base 6) in base 5?
-2412012014
-53202 (base 6) to base 16
-1c22
2331330113 (base 4) to base 2
10111101111100010111
What is 292794 (base 11) in base 4?
1233230023
What is 1274393 (base 16) in base 11?
aa17290
Convert 1564066 (base 7) to base 15.
446aa
What is -42003231 (base 5) in base 12?
-147227
What is 10149a6 (base 11) in base 8?
6655333
What is -146d85 (base 16) in base 13?
-37b484
-1152778 (base 12) to base 6
-155353032
Convert -56dd6 (base 15) to base 10.
-276501
-1110101010010100110 (base 2) to base 7
-4040435
-27337346 (base 9) to base 11
-7682a0a
What is 3001021031 (base 4) in base 13?
219122
-417682 (base 10) to base 7
-3356506
Convert -101012012102111 (base 3) to base 13.
-11786c5
Convert -bdb55 (base 16) to base 7.
-6414303
Convert -2202110001011 (base 3) to base 7.
-15312034
101000011101100100001 (base 2) to base 7
14161321
What is -2030332343 (base 5) in base 4?
-33311232133
Convert 10011000100101101100100 (base 2) to base 16.
4c4b64
-2f836 (base 16) to base 13
-6a774
What is -106ca3 (base 13) in base 4?
-1132121030
-2243467 (base 8) to base 6
-21011023
What is -105906 (base 10) in base 6?
-2134150
Convert -21021110112 (base 3) to base 4.
-202331312
What is 21100013002 (base 4) in base 9?
4505767
Convert 2211012202002 (base 3) to base 10.
1500095
What is 1000111111100000110 (base 2) in base 4?
1013330012
What is -286827 (base 9) in base 3?
-22220220221
What is -593bc (base 13) in base 6?
-3255424
Convert -522c2a (base 15) to base 2.
-1110111010000000011111
What is 183226 (base 11) in base 9?
470384
Convert 2b046 (base 14) to base 15.
21ad8
Convert 1134433011 (base 5) to base 7.
31366431
Convert 10010100011111100000 (base 2) to base 6.
21011504
What is -246274 (base 8) in base 12?
-41364
What is 62517 (base 9) in base 6?
514541
45267 (base 8) to base 2
100101010110111
-293137 (base 13) to base 5
-224201231
40053302 (base 8) to base 3
120211022110210
What is 4398612 (base 11) in base 15?
a25303
What is 11b02a (base 16) in base 8?
4330052
What is -1111100000210 (base 3) in base 11?
-4a251a
Convert -18da78 (base 16) to base 14.
-305824
What is -b00e37 (base 15) in base 7?
-131012320
What is -60387 (base 11) in base 15?
-1b26e
Convert -3034187 (base 9) to base 5.
-403221312
-1223130 (base 5) to base 7
-125426
Convert -701043 (base 16) to base 8.
-34010103
What is 1342101 (base 8) in base 12?
162855
What is 2db90 (base 15) in base 8?
440427
Convert 345234032 (base 6) to base 16.
61d7a4
Convert 4473035 (base 9) to base 4.
21030121322
What is -44403 (base 15) in base 8?
-647507
-49a670 (base 11) to base 3
-1111010210110
Convert 484ab (base 12) to base 7.
554120
What is -14440202 (base 6) in base 4?
-1322302022
11783780 (base 9) to base 2
10110000011111000011011
27bcc (base 15) to base 9
213853
Convert 2a2c75 (base 13) to base 11.
64743a
What is -102021 (base 9) in base 14?
-180b4
What is 276978 (base 10) in base 3?
112001221110
Convert 2109612 (base 10) to base 15.
2ba10c
What is 666531 (base 7) in base 6?
2304153
Convert -14e7c5 (base 16) to base 3.
-2120121100201
What is -6862c (base 15) in base 4?
-1101011232
What is 14614 (base 9) in base 10?
9976
Convert b72e (base 15) to base 